e -4*k = -0*k - g. What is the tens digit of k?
3
Let o be (-11)/(-4) + 5/20. Suppose o*c = p - 14, -16 = p + p + 5*c. What is the units digit of p?
2
Let s = -747 - -1334. What is the hundreds digit of s?
5
What is the units digit of (-8 + 225/30)/(1/(-12))?
6
Suppose 7*w = 3*w. Suppose -2*s + 3*s = w. Suppose y - 6 - 11 = s. What is the units digit of y?
7
Suppose 2*i + 7 = 5*c, 6*c - 2*c + 5*i - 32 = 0. Suppose 0*n = -c*n + 6. What is the units digit of n?
2
Let c(q) = q**2 - 4*q - 3. Suppose -w - 2 + 11 = 2*y, -9 = -3*w + 3*y. Let k be c(w). Let g = 16 + k. What is the units digit of g?
8
Let l(j) = -4*j + 259. What is the tens digit of l(4)?
4
Suppose 14*w + 216 + 106 = 0. Let o = -23 + 33. Let c = o - w. What is the tens digit of c?
3
Let b be 2494/58 + -1*7. Suppose 2*n - 64 = 3*q, -58 = 2*q - n - 17. Let x = q + b. What is the tens digit of x?
1
Let p = -54 + 45. Let i(v) = -13*v**3 + v**2. Let o be i(1). What is the tens digit of ((-282)/p)/((-8)/o)?
4
Let b(d) = -2*d**3 - 16*d**2 + 13*d. Let j be b(-9). Let q = -26 + j. What is the tens digit of q?
1
Suppose 0 = -3*w - 2*v + 20 + 1, 4*w + 3*v - 27 = 0. Let o = -4 + w. What is the tens digit of 464/40 - (-2)/o?
1
Suppose 0 = -10*k + 12*k - 4. Let r = 91 + -62. Suppose c - k*b - b - 7 = 0, -r = -2*c + 3*b. What is the tens digit of c?
2
Suppose 0 = 2*w + 2 - 36. Let p = 20 - w. Suppose 0 = 3*s - t - 2*t - 75, -5*s + p*t + 129 = 0. What is the units digit of s?
7
Let m = 20 - 16. Suppose 0 = a - m*a + 6. Suppose -6 = -a*i - 3*p, 8*i - 4*i = -p + 12. What is the units digit of i?
3
Suppose -17*w + 12*w = -2365. Let q = w - 328. What is the tens digit of q?
4
Let p be (-98)/(-35) - 4/5 - -4. Suppose -d - p*l + 2*l + 90 = 0, -d = 3*l - 86. What is the units digit of d?
4
Suppose -9 = -0*v + 3*v. Let q be (0 - 30)*4/v. Let g = q - 20. What is the units digit of g?
0
Let u(f) be the third derivative of f**7/5040 + f**6/45 - f**5/30 - 4*f**2. Let v(q) be the third derivative of u(q). What is the tens digit of v(0)?
1
Let i(m) = 4*m - 11. Let q be i(5). Suppose 48 = q*d - 5*d. What is the units digit of 18/d*(-122)/(-3)?
1
Suppose -4*o + 4 = -r, -4*o + r - 5*r = 16. Suppose -4*t - 5*b = 82, o = -b - 2*b - 6. Let j = t - -65. What is the units digit of j?
7
Suppose 4*b - 99 = -5*m, -b + 20 = -3*m + 4*m. Let q = m - -1. Let z = -13 + q. What is the units digit of z?
7
Suppose -8*t + 46 = -7*t. Let x = -56 + 133. Let h = x - t. What is the tens digit of h?
3
Let v(j) = 42*j**3 - 5*j + 9. Let n be v(2). Let d = -169 + n. What is the hundreds digit of d?
1
What is the hundreds digit of -100*(-15)/(-70)*-7?
1
Let i be 1*((-9)/(-1))/1. Let s(m) = -m - 20. Let b be s(-25). Let j = b + i. What is the tens digit of j?
1
Suppose 357 = -2*d + 1251. What is the units digit of d?
7
Suppose 4*k = 2*k - 5*c - 19, -4*c = 3*k + 18. What is the units digit of -4 - (-83 + (0 - k))?
7
Let c = -107 - -215. What is the hundreds digit of c?
1
Let a = 21 - 19. Suppose -l = a*d - 60, -46 - 229 = -4*l - d. Suppose l = 2*m - 20. What is the units digit of m?
5
Let l(d) be the third derivative of -d**5/60 - d**4/3 - 4*d**3/3 + 8*d**2. Let q be l(-8). What is the units digit of q/(-20) + (-153)/(-5)?
1
Suppose -4*b + 3045 = b - 5*f, -b - 2*f = -606. Suppose 0 = -2*s - 154 + b. What is the hundreds digit of s?
2
Suppose -2*c - 7 = -3*j, -3*c = -2*j + 4*j + 17. Let l(f) = 7*f**2 + f + 1. What is the units digit of l(j)?
7
Suppose -3*i = -5*s - 940, 91 = i - 2*s - 223. What is the hundreds digit of i?
3
Let l be (-8 - (-2 + 1)) + 7. Suppose k - g - 153 = 0, -2 + 10 = 4*g. Suppose -3*i + 8*i - k = l. What is the tens digit of i?
3
What is the tens digit of (1 + (-1 - 1))/((-1)/239)?
3
Suppose 0 = -9*f - 120 - 204. What is the units digit of 1 + 10/(-6) - 708/f?
9
Suppose -3*r + 666 + 387 = 0. What is the units digit of r?
1
Let k(r) = -r**2 + 6*r + 23. Let s be k(8). Let j(p) = 2*p**2 - 9*p - 9. What is the tens digit of j(s)?
2
Let x = 14 - 10. Suppose -3*l = r - 63, -5*l + x*r + 153 = 48. What is the units digit of l?
1
Suppose 0*t + 294 = -t. Let z be t/5 - 10/50. Let w = z - -104. What is the units digit of w?
5
Suppose 4*j = -4*o + 380, -3*o + 85 + 215 = -2*j. Let q = o + -14. What is the units digit of q?
4
Let j(i) = -i**2 + 10*i + 13. Let p be j(11). Suppose -66 = p*d - 5*d. What is the tens digit of d?
2
Let g(i) = -3*i**2 + 2*i - 3. Let x(m) = -m**2 + m - 2. Let q(d) = 2*g(d) - 5*x(d). Let p be q(-3). What is the tens digit of p/7 - 1404/(-63)?
2
Let h = 1340 - 91. What is the thousands digit of h?
1
Let a(y) = 2*y - 4. Let w be a(3). Suppose -2*q = -2*i - 0*q + 88, -w*i = 3*q - 88. What is the units digit of i?
4
Let d(j) = -20 - 16*j + 0*j**3 + 6*j**2 - 4 + 2*j + j**3. What is the units digit of d(-7)?
5
Suppose i + 2 = -0. Let o(q) = 37*q**2 + 9*q - 2. Let u(g) = 13*g**2 + 3*g - 1. Let f(s) = 3*o(s) - 8*u(s). What is the tens digit of f(i)?
2
Let p be (290/20)/((-2)/(-4)). Let c = p - -41. What is the units digit of c?
0
Let u(f) = f + 2. Let p be 1/3*84/14. What is the units digit of u(p)?
4
Let u(g) = -g**2 + g + 1. Let c(o) = -6*o**2 - 15*o - 12. Let h(s) = -c(s) - 6*u(s). Let i be h(-3). Suppose 22*v - 19*v = i. What is the tens digit of v?
2
Let k = 511 + -129. What is the units digit of k?
2
Suppose 6*r = -6 + 6. What is the units digit of 85 + -4 + 8 - r?
9
Let m(c) = c**3 + 9*c**2 + 4*c - 11. Let b be m(-9). Let w = 82 + b. What is the units digit of w?
5
Let u = 254 - -1537. What is the thousands digit of u?
1
What is the units digit of 1149 - (-1)/(4/(-20))?
4
Let i be (-5)/((-10)/8) - 6. What is the tens digit of (5 + i)*(-185)/(-15)?
3
Suppose 4*p - 3*p = 0. Suppose p*r - 2*r = -54. What is the units digit of r?
7
Suppose -63*h = -67*h + 1788. Suppose h = 8*d - 609. What is the units digit of d?
2
Suppose 7*z - 4*z + 3 = 0. Let q(i) = -34*i + 2. What is the units digit of q(z)?
6
Let p(u) = -3*u - 10. Let a be p(-15). Suppose 0 = -2*q + 9*q - a. What is the units digit of q?
5
Suppose -59*w = -58*w - 1783. What is the tens digit of w?
8
Let p be 5/((-3)/((-45)/(-3))). Let s = 35 + p. What is the tens digit of (-45)/(-6)*s/3?
2
Suppose 3*k = 2*j - 358, -208 = -j - 5*k - 42. Suppose 0 = 3*l - 2*a - 263, 2*l + 0*a = 2*a + j. What is the tens digit of l?
8
Let a be (-36)/(-162) + (-2138)/(-18). Suppose a = 5*o - 41. What is the tens digit of o?
3
Suppose -7*l + 47 - 5 = 0. Let g be 2/12 + (-3454)/(-12). What is the tens digit of (g/(-56))/(l/(-63))?
5
Suppose -4*f - 5*n + 911 = 0, -2*f - 5*n + 326 = -137. Suppose -5*a = -3*a - 2*p - 88, 0 = 5*a - p - f. Let i = a + -10. What is the tens digit of i?
3
Suppose -5*b + 21 = z, 2*z + 4*b - 6 = 6*b. Let o = 10 - z. Suppose -o*u + 2 = -2. What is the units digit of u?
1
Let v(z) = 5*z**2 + 28*z - 3. Let n(k) = -2*k**2 - 9*k. Let m(a) = 8*n(a) + 3*v(a). Let d = -5 + 12. What is the units digit of m(d)?
6
Suppose z - 1 = 0, -465 = -c + 11*z - 9*z. What is the units digit of c?
7
Let n be (-1)/2 + (-20)/(-8)*-11. Let v = n + 53. What is the units digit of v?
5
Suppose -5*x = -20, -2*p = -4*x - x + 40. Let z be 10/4*(-12)/p. What is the units digit of (-70)/(-4) - z/(-2)?
9
Let v = 24 - 22. Let b(z) = 2*z**2 + 5*z - 3. What is the units digit of b(v)?
5
Suppose -2*m - m = -333. Let a = m + -44. What is the tens digit of a?
6
Let c(x) = 9*x**2 + 8*x + 105. What is the units digit of c(-10)?
5
Suppose -b = -a + 119, 0*a = 3*a + 2*b - 337. Suppose 0 = x - 2*x - 5*d + 11, 5*x = 5*d + a. Suppose 2 = g - x. What is the units digit of g?
3
Suppose -4*n = -4, -5*n - 378 - 152 = -5*d. Suppose d = -5*q + 472. What is the tens digit of q?
7
Suppose y - 3*y + 2*a + 236 = 0, y + 5*a - 100 = 0. What is the hundreds digit of y?
1
Let g be 360/63 - (-2)/7. Let i = g - 2. Suppose -177 = -4*y + 5*a, y = i*y - 5*a - 139. What is the units digit of y?
8
Let a(l) = -122*l**3 - 10*l**2 - 21*l + 9. What is the hundreds digit of a(-3)?
2
Let y(u) = -14*u**3 - 3*u**2 - 4*u + 2. Let d be y(-3). Suppose -d + 1845 = 8*i. What is the hundreds digit of i?
1
Let n = -26 + 10. Let a be 3*n/(-36)*3. Suppose -198 - 2 = -a*b. What is the units digit of b?
0
Let x(a) = a - 5. Let k be x(-1). Let l(d) = d**3 + 9*d**2 + 4*d - 4. What is the units digit of l(k)?
0
Suppose 12*n - 1689 = 1683. Let a = 